pose n = 10*v - 3. What is the tens digit of y(v)?
4
Let s be 3/((-12)/(-13)) - (-3)/(-12). Suppose -s*g + 528 = -246. What is the tens digit of g?
5
Let d(n) = -107*n - 63. Let g(x) = -213*x - 124. Let v(o) = 7*d(o) - 3*g(o). What is the hundreds digit of v(-6)?
5
Let t = -9646 - -16991. What is the tens digit of t?
4
Suppose -8 = 2*v, -5*t + 2*v + 42132 = -v. What is the units digit of t?
4
Let t(m) = 5*m - 10. Let d be t(2). Suppose d = 5*l - 3*l + 5*r - 954, 2*r = 5*l - 2356. What is the tens digit of l?
7
What is the thousands digit of 332085/20 + -3 + 0 + (-1)/4?
6
Let s(u) = -330*u**2 + 6*u - 1 + 0 + 0 + 350*u**2. What is the tens digit of s(-3)?
6
Suppose -988249 = -238*h + 179*h - 207443. What is the ten thousands digit of h?
1
Let v(o) = -o**3 + 33*o**2 - 34*o - 111. Suppose 114 = 8*u - 126. What is the tens digit of v(u)?
6
Suppose 33*u - 34*u - 4*h = -12127, 4*h = 4. What is the ten thousands digit of u?
1
Suppose 7*a + 3*a + 789165 = 75*a. What is the thousands digit of a?
2
Let h(c) = 13936*c - 23. What is the hundreds digit of h(1)?
9
Let m(f) = 20*f + 37. Let c be m(-2). Let g(b) = 123*b**2 + 14*b + 22. What is the thousands digit of g(c)?
1
Let q = -1 + 1. Suppose 5*u - 2*p - 1574 = q, p - 319 = 2*u - 3*u. What is the hundreds digit of u?
3
Let u(h) = h**2 - 12*h + 11. Let t be u(11). What is the tens digit of -2 + 1488 - (t - 16)/(-4)?
8
Let b be (2 - -1 - -13)/1. Suppose 28 = b*k - 12*k. Suppose k*a + 320 = 866. What is the tens digit of a?
7
Suppose 12*k = 86 - 38. What is the tens digit of -82*(k - (-133)/(-14))?
5
Let o = -80 + 70. What is the units digit of 70 + (72/45)/(4/o)?
6
Suppose 87 = 3*f - 4*x + 725, 864 = -4*f + 2*x. What is the units digit of (-4)/((-650)/f + (-8 - -5))?
8
Suppose 42*p - 2*z = 45*p, 2*z = -4*p. Suppose p = -801*j + 798*j + 357. What is the hundreds digit of j?
1
Let i(g) = -5*g + 0*g**3 + g**3 + 0*g**3 - 6*g**2 - 7. Let t(f) = 2*f**2 + f. Let v(n) = i(n) - 2*t(n). What is the tens digit of v(11)?
3
What is the tens digit of -19 + (-5093184)/(-208) - (-12)/(-26)?
6
Let u(o) = 28 + 4*o + 6*o - 9*o. Let f be u(-20). What is the units digit of (4/f)/(1/60)?
0
Suppose -53 = 3*a - n, -22 = a - 3*n + 7*n. Let y(m) = -56*m - 188. What is the tens digit of y(a)?
2
Let m(g) = -1594*g - 1256. What is the hundreds digit of m(-9)?
0
Let h = 87 + -83. Suppose 2*a = b - a - 124, -h*b + 452 = -a. Suppose -5*z = -4*x - 641, -b = -4*z + x + 403. What is the hundreds digit of z?
1
Let k be 1/(-2)*0*-1. Let c be (k - -341)*(-2 + 3)*-1. Let o = c - -544. What is the hundreds digit of o?
2
Let c = 71 - 59. Let l = c - -93. Suppose -l*a + 112 = -104*a. What is the hundreds digit of a?
1
Let u(y) = -y**3 + 24*y**2 + 6*y - 172. Let o be u(24). Suppose -x - 594 = 5*m - 0*m, 3*m = -x - 358. Let g = o - m. What is the units digit of g?
0
Let z(p) = -22*p - 19. Let o be z(4). Let v = -113 - o. What is the tens digit of 3*((-520)/v)/2?
3
Let c(b) = -2*b**2 - b. Let j(n) = -24*n**2 - 14*n - 5. Let l(z) = 5*c(z) - j(z). What is the units digit of l(-4)?
3
Suppose -25*i + 2555 = -30*i. Let m = -156 - i. What is the tens digit of m?
5
Suppose 0 = -2*g + 3*f + 108368, 0 = -5*g + 2167*f - 2168*f + 270971. What is the ten thousands digit of g?
5
Suppose 0 = 5*g - 12 - 33. Suppose j = g - 30. Let x = j - -26. What is the units digit of x?
5
Let k = -326 + 336. Let r(l) = 2*l**3 - 8*l**2 - 28*l - 13. What is the hundreds digit of r(k)?
9
Suppose 339 = -2*v + 1781. Let t = v + -491. Suppose -53 + t = d. What is the units digit of d?
7
Suppose -3*s = 3*h - 16947, -677*s + 678*s = -2*h + 11298. What is the hundreds digit of h?
6
Let y be -5 + -1 + 19 + -9. Suppose -1749 - 1688 = -2*q - 3*m, 2*m = y*q - 6850. What is the tens digit of q?
1
Let k be 1/(-12 - -13 - 10/12). Suppose 3888 = k*d - 780. What is the hundreds digit of d?
7
Let y(m) = 477*m - 1893. What is the units digit of y(15)?
2
Suppose 40660 - 7238 = 4*s - 2*a, 21 = 3*a. What is the thousands digit of s?
8
Let h be (11/(-22))/(1/(-4)). Suppose 3*w - 4*u - 20 = 0, -u = h*w - 3*u - 12. What is the tens digit of (3 - (-244)/w) + 1?
6
Suppose 13*c + 37800 = -16*c + 251936. What is the hundreds digit of c?
3
Let n be ((-14)/42)/((-1)/12). Let a be n/16 + (-30)/(-8). Suppose 306 = a*h - h. What is the hundreds digit of h?
1
Suppose 6*v + 7*v - 81891 = 4*v. What is the units digit of v?
9
Let j = 50361 + -32258. What is the hundreds digit of j?
1
Suppose -97*c - 1993 + 2764 + 36574 = 0. What is the units digit of c?
5
Suppose 5*d + 22 = -3. Let l(s) be the second derivative of -5*s**3/6 - 17*s**2/2 + 267*s. What is the units digit of l(d)?
8
What is the tens digit of (27*(-90)/(-40))/(2/248)?
3
Let c(s) = 4811*s + 71 - 4828*s - 5*s**2 + 5*s**2 + 3*s**2. What is the tens digit of c(8)?
2
Suppose 5*h = 5*a + 20, a - 138*h = -141*h - 8. Let n = -22 + 7. What is the units digit of a/n*-3*-9?
9
Let b be (66/(-55))/(3/(-10)). Suppose 2*s + 50 = b*g - 2*g, 3*g - 85 = 5*s. What is the units digit of g?
0
What is the ten thousands digit of 1 - (41797/(-2) + (19 - 492/24))?
2
Suppose -15*b - 11384 = -o - 10*b, 3*o - 34260 = -3*b. What is the units digit of o?
4
Suppose 3057 = 3*a + 4*y, 2*y + 1029 = 4*a - 3*a. Suppose i - 5*p = a + 62, -2*p = -6. What is the tens digit of i?
0
Suppose 1086406 - 385828 = 60*k - 953142. What is the thousands digit of k?
7
Let l be (-4 - 0)*(-20 + -2). Let m be (14/2)/(4/l). Suppose 2*g = -0*g - c + m, 0 = 4*g - 2*c - 292. What is the units digit of g?
5
Suppose 890*v - 876*v - 134022 = 0. What is the units digit of v?
3
Let x(k) = -19*k + 59. Let t be x(8). What is the units digit of (-124)/t + (-2)/(-3)?
2
Let w = 74 - 80. Let k = -4 - w. What is the tens digit of -2 + (-24)/(k - 3)?
2
Let y(l) = 274*l + 1416. What is the tens digit of y(52)?
6
Let g(s) = s**2 + 4*s - 23. Suppose 5*v - 63 = 4*p + 92, -v + 17 = 2*p. What is the hundreds digit of g(v)?
8
Suppose -12*y + 269 = 413. What is the units digit of 266 - y*(-3 + (-5)/(-2))?
0
Suppose -413 - 1 = -3*j. Suppose 3*u + 2*l - 988 + j = 0, u - 4*l = 288. Suppose -7*k = -1130 - u. What is the units digit of k?
2
Suppose 8 = -2*j, -18*i + 2*j = -17*i - 541. Suppose -56*c + 104133 - i = 0. What is the hundreds digit of c?
8
Let q = -1324 + 2145. Suppose 5*y = q - 11. What is the hundreds digit of y?
1
Suppose 6*w - 34 = 44. Let g be 7 + -7 - w*-18. Let h = g - 94. What is the units digit of h?
0
Suppose 45433 = 24*q - 23*q - 5*s, 2*q - 90810 = -4*s. What is the tens digit of q?
1
Suppose 25*y - 21*y = 0. Suppose o + 5*l = 4*o - 111, y = 5*o + 2*l - 185. Suppose 10 = o*v - 36*v. What is the tens digit of v?
1
Suppose 185 = n - 2*u, -n + 5*u = -274 + 74. Let o = 10 + n. What is the units digit of o?
5
Let c = -72 - -70. Let k be c/(-3)*(-18)/8*-2. What is the units digit of (-1 + (0 - 0))/(k/(-294))?
8
Let h = 1349 + 269. What is the thousands digit of h?
1
Let c(f) = -f**3 - 5*f**2 - 5*f + 5. Let z be c(-4). Let w(i) = -30*i - z*i - 1 + 4*i. What is the tens digit of w(-1)?
3
Suppose -2*d + 12*q - 9*q + 13555 = 0, 4*d + 5*q - 27165 = 0. What is the units digit of d?
5
What is the thousands digit of 300/125*(186786/12 + 2)?
7
Suppose 0 = -28*o - 12607 + 105959. What is the units digit of o?
4
What is the units digit of (-98120)/(-28) - (-18)/(-63)?
4
Let g be -1*-4*(-8)/(-32). Let d(b) = 562*b**3 + 5*b**2 + b - 5. What is the tens digit of d(g)?
6
Suppose 0 = 5*u + 3*r - 14062 - 4400, -u - 3*r = -3678. What is the units digit of u?
6
Suppose 2*i = -6*i + 216. Let x = i - -13. What is the tens digit of x?
4
Let a(r) = r**3 + 11*r**2 - 11*r + 12. Let k be a(-12). Suppose k = -u + 415 + 186. What is the tens digit of u?
0
Suppose 4*s - 2*s = -n - 16, 0 = 2*s + 2*n + 16. Let k(f) = 20*f**2 + 20*f + 148. What is the units digit of k(s)?
8
Let c be ((-6)/(-9))/(2/12). Suppose c*t = 4*n + 228, t + 3*n = 89 - 16. Let y = t + -8. What is the tens digit of y?
5
Let t be 50/(-20) + (-5)/2 + 14. Suppose -t*q + 4*q = -3075. What is the units digit of q?
5
Suppose -6*j - 102280 = -37096. What is the thousands digit of (j/(-20))/((-18)/(-45))?
1
Suppose 26*i = -42*i - 44274 + 865646. What is the thousands digit of i?
2
Suppose 0 = -2*y - t + 7461, 136*y - 3*t = 139*y - 11193. What is the hundreds digit of y?
7
Let m(p) = 8